mainder when j is divided by x?
4
Let n(w) = w**3 - 12*w**2 + 6*w - 14. Calculate the remainder when n(12) is divided by 21.
16
Let i be 0 - (3 + 2)*-10. Suppose 65 + 47 = -4*w - h, -w - 2*h - 35 = 0. Let n = w + i. What is the remainder when n is divided by 13?
10
Suppose 74 + 100 = 3*k. Calculate the remainder when k is divided by 17.
7
Let c(b) = b**2 - 2*b + 3. What is the remainder when c(2) is divided by 2?
1
Let v(z) = -2*z**3 - 5*z**2 - 2*z + 3. Suppose 15 + 10 = 5*g. Let i = 2 - g. Calculate the remainder when v(i) is divided by 10.
8
Suppose -2*r = 5*v - 38, -2*v + 3*r - 29 = -6*v. Suppose -c - 203 = -v*c. Let w(j) = j + 4. Calculate the remainder when c is divided by w(4).
5
Let q(v) be the first derivative of v**2 + v + 6. What is the remainder when 31 is divided by q(5)?
9
Let v = 8 - 0. What is the remainder when v is divided by 2?
0
Let t(w) = -6*w - 7. Let n = 8 + -11. Calculate the remainder when 21 is divided by t(n).
10
Suppose -2*z + 13 = -43. Calculate the remainder when (166/8)/((-2)/(-8)) is divided by z.
27
Let i = 87 + -60. What is the remainder when 76 is divided by i?
22
Let a = -10 - -13. Suppose -5*i - 64 = -4*r - i, a*r + 2*i - 68 = 0. Calculate the remainder when r is divided by 6.
2
Suppose 5*q = 5*b + 33 + 47, q - 4*b - 31 = 0. What is the remainder when 64 is divided by q?
9
Suppose 0 = -s + 2 - 0. Suppose 5*f - 75 = 5*i, f + 0*i - 9 = -s*i. Calculate the remainder when 38 is divided by f.
12
Let x be (-1)/(-3) + (-10)/(-6). Let j = x + 10. Calculate the remainder when 47 is divided by j.
11
Suppose 6*l - 2*l = 68. Suppose -3 = -i + 2. What is the remainder when l is divided by i?
2
Let f = 6 - 2. Let o(z) = z**2 - 7*z + 9. Let l be o(6). Suppose l*t + t - 44 = 0. Calculate the remainder when t is divided by f.
3
Suppose -2*g + 12 = -h + 2*h, -3*g = 3*h - 51. Suppose -4*z = i - 262, 4*z = -3*i + 90 + 176. Calculate the remainder when z is divided by h.
21
Suppose -3*d + 0*d + 4*i = -78, 0 = -2*d - 3*i + 69. Let x = 69 - 22. What is the remainder when x is divided by 2/12 + 355/d?
11
Calculate the remainder when 54 is divided by 1 + (70/5 - 1).
12
Suppose 3*m + 4*n = -2*m - 2, -2*n - 6 = 0. Suppose 0 = 5*f - 4*o - 144 + 38, -4*f + m*o = -80. What is the remainder when 2/7 + (-472)/(-14) is divided by f?
16
Suppose -42 = 20*q - 22*q. Calculate the remainder when q is divided by (3/2)/((-1)/(-4)).
3
Let s(t) = -t**3 + t**2 + 44. Calculate the remainder when s(0) is divided by 3/(-6) - (-62)/4.
14
Let u(h) = h**2 + 2*h - 8. Calculate the remainder when u(5) is divided by 10.
7
Suppose 6*r = 4 + 38. Let u = 6 - 3. Suppose -k = -u*k + 40. Calculate the remainder when k is divided by r.
6
Suppose -5*i + 0*p - 4*p = 17, -2*p - 21 = 5*i. Let z(d) = -2*d. Calculate the remainder when 18 is divided by z(i).
8
Let m be -2 - (2 - 1 - -1). Let n be ((-6)/(-12))/((-1)/m). What is the remainder when 17 is divided by 4 + -3 + 18/n?
7
Let m be (-5)/(21/(-10) - -2). Let y = m + -34. Let j(c) = -c**3 + 6*c**2 + c. What is the remainder when y is divided by j(6)?
4
Suppose 0 = -5*l + 4*s + 75, 4*l - 66 = s + s. What is the remainder when l is divided by 13?
6
Suppose 0 = -3*u - 19 - 5. Let a(b) = -b**3 - 8*b**2 + 10. Calculate the remainder when a(u) is divided by 4.
2
Suppose -3*t + 281 = -49. Suppose -a - 75 = -3*v + t, -4*a - 252 = -4*v. What is the remainder when v is divided by 16?
13
Let s be ((-1)/(-3))/(2/24). Suppose -2 = -3*d + s. Suppose -d*l + 37 = -15. Calculate the remainder when l is divided by 14.
12
Let o = -83 - -117. What is the remainder when o is divided by 12?
10
Let x(h) = h**3 + 9*h**2 + 6*h + 7. Let g = -72 - -88. Calculate the remainder when x(-7) is divided by g.
15
Suppose 3*l = 8*l - 395. Calculate the remainder when l is divided by 21.
16
Let q(u) = 7*u - 1. Let l be q(-3). Let i = -14 - l. What is the remainder when 14 is divided by i?
6
Let f = 90 - -43. Suppose 3*o = -4*t + f, -t + 3*o - o = -47. What is the remainder when t is divided by 10?
7
Let w(y) = -y**2 + 17*y - 13. Calculate the remainder when w(12) is divided by 16.
15
Suppose -4*a + 28 = 3*n - 41, 0 = -3*n + 2*a + 51. Calculate the remainder when n is divided by 5.
4
What is the remainder when (-66)/3*(0 + -2) is divided by 12?
8
Suppose 0 = -2*j + 5*a + 18, -2*a = 2*j - 5 + 1. Suppose 2*u = u - j. What is the remainder when 23 is divided by -4*((-1 - -2) + u)?
11
Suppose 25 = -5*i, -4*d + 29 + 13 = -2*i. Calculate the remainder when 14 is divided by d.
6
Suppose -d - 4 = -18. What is the remainder when 53 is divided by d?
11
Let d(j) = -8*j - 5. Let q be d(-6). Suppose f = 4, 0*f + 2*f = -5*k + q. Calculate the remainder when k is divided by 3.
1
Suppose -2*i - 3*b = 1, 0*i + 2*i = b + 3. Let w be (-5)/((-10)/4)*i. What is the remainder when (-1)/w*-6 - -1 is divided by 2?
0
Let d(u) = 15*u - 1. Suppose -4*r + 6 = -6. Suppose 0 = b - 4 + r. What is the remainder when 26 is divided by d(b)?
12
Let f(p) = -15*p + 1. What is the remainder when f(-2) is divided by 17?
14
Let v(x) be the second derivative of x**3/6 + x**2 - x. Let a(o) = 6*o + 10. Let i(n) = -2*a(n) + 11*v(n). Calculate the remainder when 22 is divided by i(-6).
6
Let w(n) = 4*n - 1. Suppose 3*z + 10 = 4*f - 211, -2*f + z = -113. What is the remainder when f is divided by w(4)?
14
Let v = -4 + 58. What is the remainder when v is divided by 19?
16
Let f(d) = -6*d**2 - d + 1. Let t be f(-2). Let j = t + 44. What is the remainder when j is divided by 12?
11
What is the remainder when 13*14 + 4 - (-1 + 2) is divided by 47?
44
Let q be 2*(-3 + -1 + 2). Calculate the remainder when (1/(-2))/(2/(-116)) is divided by 15*(q/(-6) + 0).
9
Suppose 64 = 4*x - 3*d - 2*d, 64 = 4*x + 3*d. What is the remainder when x is divided by 8?
0
Let b(a) = a**2 - 10*a + 13. Suppose 5 = t - 0*t. Let p = -2 + t. What is the remainder when b(9) is divided by p?
1
Let r = -24 + 34. Calculate the remainder when 37 is divided by r.
7
Suppose 0*k - 41 = -k. Suppose -2*i - 3*d + 8 = 0, 6 = -i + 2*d - 4. Let q(f) = -f**3 + 3*f**2 + 3*f. What is the remainder when k is divided by q(i)?
13
Let z = -98 + 147. Calculate the remainder when z is divided by 17.
15
Let l(q) = 8*q - 9. Let a(u) = -7*u + 8. Let z(k) = 6*a(k) + 5*l(k). Calculate the remainder when 23 is divided by z(-5).
10
Suppose -5*s = 4*z - 48, 2*s - 32 = 3*z + 1. Suppose -4*g + l = 2*l - 6, -4*g - 4*l = -s. What is the remainder when 16/7 - 2/7 is divided by g?
0
Suppose -40 = -0*k - k. Suppose 12 = 4*t - k. Suppose 6*c = 5*c + 2, -121 = -3*m - 5*c. Calculate the remainder when m is divided by t.
11
Suppose 0 = 5*w + 4*h - 215, -2*h = 3*w - 2*w - 37. Let a = 10 - -15. What is the remainder when w is divided by a?
22
Suppose 150 = 5*k - 2*l, 2*k - 31 = -4*l - l. Calculate the remainder when k is divided by 16.
12
Let d be (1 - 2) + -5 + 3. Let s = d + 9. Suppose 0*n = -3*n + s. What is the remainder when 4 is divided by n?
0
Let w be 172/5 - 6/15. Let n = w - 11. What is the remainder when 68 is divided by n?
22
Let l = -27 - -18. Let q(j) = -j**2 - 13*j + 1. What is the remainder when q(l) is divided by 13?
11
Let s(b) = 55*b. Suppose -2*y - 4 = -6. What is the remainder when s(y) is divided by 14?
13
Suppose 0 = 2*s + k - 12, -3*s + 5*k + 5 = -0*k. Suppose -4*i + 2*i + g = -5, i = 2*g + 4. Let l = i + 1. What is the remainder when s is divided by l?
2
Let y(d) = d**2 - 2*d - 2. Let u(r) = -r**2 - 19*r - 17. What is the remainder when y(7) is divided by u(-17)?
16
Let h = 15 + -9. Suppose 2*v = 3*v - h. What is the remainder when 9 is divided by v + (-2)/(4/2)?
4
Suppose 200 = -0*y + 5*y. What is the remainder when y is divided by (-2)/3 - (-132)/9?
12
Let d = 42 - 21. Suppose 2*q + 0*q = 82. Calculate the remainder when q is divided by d.
20
What is the remainder when ((-10)/4 - -4)*38 is divided by 15?
12
Let a(s) be the first derivative of 3*s**2/2 - 10*s + 2. Calculate the remainder when 27 is divided by a(8).
13
Suppose -80 = -9*v + 4*v. Suppose 0 = 3*s + 9, 6*s - 2*s + 24 = 2*u. What is the remainder when v is divided by u?
4
Let t = -6 + 6. Suppose t*q + 2*q - 22 = -2*w, q = 4*w + 21. What is the remainder when q is divided by 7?
6
Let r(x) = x**3 - 7*x**2 + 9*x - 14. What is the remainder when 11 is divided by r(6)?
3
Suppose t + 18 = 